e highest common factor of 2419 and 287?
41
Calculate the greatest common factor of 48 and 3.
3
What is the highest common divisor of 3562 and 2192?
274
Calculate the highest common factor of 16170 and 165.
165
What is the highest common divisor of 18 and 7893?
9
Calculate the highest common divisor of 7 and 21.
7
What is the highest common factor of 160 and 7648?
32
What is the greatest common factor of 2479 and 67?
67
Calculate the highest common divisor of 114 and 78.
6
What is the greatest common factor of 216 and 24?
24
What is the highest common divisor of 202 and 5252?
202
Calculate the greatest common factor of 822 and 3.
3
Calculate the greatest common divisor of 108 and 14958.
54
Calculate the highest common divisor of 27 and 657.
9
Calculate the greatest common factor of 38 and 1558.
38
What is the highest common factor of 798 and 28?
14
What is the highest common factor of 79 and 316?
79
Calculate the highest common divisor of 153 and 510.
51
Calculate the greatest common factor of 48 and 3504.
48
Calculate the highest common factor of 1270 and 3429.
127
Calculate the highest common factor of 33 and 297.
33
What is the greatest common divisor of 2 and 19?
1
Calculate the highest common factor of 123330 and 30.
30
What is the highest common factor of 13 and 117169?
13
What is the highest common factor of 74 and 2183?
37
What is the highest common divisor of 536 and 16?
8
Calculate the highest common factor of 3 and 3513.
3
What is the highest common factor of 216 and 104?
8
What is the greatest common divisor of 2088 and 72?
72
Calculate the highest common factor of 484 and 220.
44
What is the greatest common factor of 16 and 2164?
4
What is the highest common divisor of 143 and 5126?
11
Calculate the greatest common divisor of 82 and 1271.
41
What is the greatest common factor of 93 and 9?
3
Calculate the highest common divisor of 100 and 24.
4
Calculate the greatest common divisor of 102889 and 31.
31
What is the highest common divisor of 10 and 1136?
2
Calculate the greatest common divisor of 54 and 6966.
54
Calculate the greatest common divisor of 28 and 7.
7
Calculate the highest common divisor of 99167 and 131.
131
Calculate the highest common divisor of 21 and 532.
7
Calculate the greatest common divisor of 345 and 60.
15
What is the greatest common factor of 506 and 92?
46
What is the highest common factor of 12800 and 25?
25
Calculate the highest common factor of 1067 and 388.
97
What is the highest common divisor of 75 and 925?
25
Calculate the greatest common factor of 11 and 102113.
11
Calculate the highest common factor of 1247 and 516.
43
Calculate the highest common factor of 3 and 2412.
3
Calculate the highest common divisor of 3 and 2565.
3
What is the highest common divisor of 98 and 14?
14
What is the highest common divisor of 34680 and 120?
120
What is the highest common factor of 378 and 162?
54
What is the highest common divisor of 44 and 297?
11
Calculate the greatest common divisor of 77 and 176.
11
What is the highest common factor of 100 and 150?
50
What is the highest common divisor of 7 and 11389?
7
Calculate the greatest common factor of 2210 and 260.
130
What is the highest common divisor of 15 and 12315?
15
What is the highest common divisor of 121 and 847?
121
What is the highest common divisor of 564 and 11421?
141
Calculate the highest common divisor of 8 and 584.
8
What is the greatest common divisor of 46 and 62?
2
Calculate the highest common divisor of 122 and 1281.
61
Calculate the highest common factor of 9 and 21.
3
What is the highest common divisor of 396 and 693?
99
What is the greatest common factor of 255 and 170?
85
What is the highest common divisor of 665 and 2128?
133
Calculate the greatest common divisor of 102 and 12393.
51
What is the greatest common divisor of 56 and 12?
4
What is the highest common divisor of 112 and 5054?
14
Calculate the highest common factor of 16 and 176.
16
What is the greatest common factor of 249 and 1411?
83
What is the greatest common factor of 1102 and 406?
58
Calculate the highest common divisor of 6 and 786.
6
What is the highest common divisor of 104 and 904?
8
Calculate the highest common factor of 4628 and 13.
13
Calculate the highest common divisor of 280 and 200.
40
What is the highest common divisor of 132 and 48?
12
Calculate the highest common factor of 123 and 13161.
123
What is the highest common factor of 10 and 5510?
10
What is the highest common divisor of 14 and 1750?
14
What is the highest common divisor of 335 and 134?
67
Calculate the greatest common factor of 66 and 8866.
22
Calculate the greatest common factor of 201 and 15.
3
What is the greatest common divisor of 8 and 344?
8
Calculate the highest common factor of 40 and 496.
8
Calculate the highest common divisor of 2730 and 84.
42
What is the highest common divisor of 899 and 232?
29
Calculate the greatest common divisor of 208 and 928.
16
What is the highest common factor of 8 and 428?
4
What is the greatest common divisor of 65 and 15?
5
What is the highest common divisor of 20 and 10580?
20
What is the highest common factor of 28 and 4844?
28
Calculate the greatest common factor of 572 and 832.
52
What is the greatest common factor of 126 and 28?
14
Calculate the greatest common divisor of 371 and 14.
7
What is the greatest common factor of 31 and 5983?
31
Calculate the greatest common divisor of 10 and 4800.
10
Calculate the greatest common factor of 435 and 240.
15
What is the greatest common factor of 511 and 146?
73
Calculate the greatest common factor of 672 and 8.
8
Calculate the highest common divisor of 1525 and 100.
25
What is the greatest common factor of 117 and 1248?
39
What is the greatest common divisor of 268 and 2278?
134
What is the highest common factor of 3133 and 26?
13
What is the greatest common divisor of 544 and 256?
32
What is the highest common divisor of 42 and 1302?
42
What is the highest common divisor of 12 and 1842?
6
What is the greatest common factor of 244 and 3050?
122
Calculate the greatest common divisor of 121 and 22.
11
Calculate the greatest common divisor of 12 and 3516.
12
What is the greatest common factor of 1715 and 35?
35
Calculate the highest common divisor of 82 and 9471.
41
Calculate the greatest common divisor of 68 and 170.
34
What is the highest common divisor of 6811 and 49?
49
What is the greatest common factor of 20 and 116?
4
What is the highest common factor of 110800 and 25?
25
What is the highest common factor of 104 and 8?
8
Calculate the highest common divisor of 612 and 432.
36
What is the highest common factor of 24 and 1716?
12
Calculate the highest common divisor of 442 and 68.
34
What is the greatest common divisor of 68 and 425?
17
What is the greatest common divisor of 226 and 1921?
113
What is the highest common divisor of 144 and 112?
16
What is the highest common divisor of 415 and 5?
5
What is the greatest common divisor of 336 and 42?
42
Calculate the highest common divisor of 39 and 78.
39
What is the greatest common divisor of 13 and 1859?
13
What is the highest common divisor of 663 and 39?
39
Calculate the greatest common factor of 140 and 1316.
28
What is the greatest common divisor of 76 and 30856?
76
What is the greatest common factor of 8582 and 14?
14
What is the greatest common factor of 50 and 75?
25
What is the highest common divisor of 812 and 56?
28
What is the greatest common divisor of 82 and 287?
41
Calculate the highest common factor of 473 and 77.
11
What is the highest common divisor of 117 and 18?
9
What is the highest common factor of 63 and 4452?
21
Calculate the highest common divisor of 24 and 13896.
24
What is the greatest common factor of 3 and 3798?
3
Calculate the highest common divisor of 342 and 76.
38
What is the greatest common factor of 60416 and 59?
59
What is the greatest common factor of 3151 and 685?
137
What is the greatest common factor of 384 and 240?
48
What is the greatest common divisor of 13 and 923?
13
Calculate the greatest common factor of 107 and 2889.
107
What is the highest common factor of 1989 and 117?
117
Calculate the highest common factor of 1368 and 3021.
57
What is the highest common divisor of 48 and 15376?
16
Calculate the greatest common 